75347.
3, 37, 277, 1801
What are the prime factors of 323038267?
17, 19002251
List the prime factors of 1090805372.
2, 272701343
What are the prime factors of 261007967?
11, 47, 504851
List the prime factors of 1932788299.
13, 449, 331127
What are the prime factors of 184958877?
3, 61652959
List the prime factors of 18790148.
2, 13, 361349
What are the prime factors of 2013121826?
2, 29, 37, 863, 1087
What are the prime factors of 24540563?
23, 1066981
List the prime factors of 8909398724.
2, 2227349681
List the prime factors of 546035685.
3, 5, 13, 401, 6983
List the prime factors of 683541299.
7, 41, 2381677
What are the prime factors of 5512192963?
5512192963
What are the prime factors of 698613480?
2, 3, 5, 29, 61, 1097
List the prime factors of 34679157.
3, 29, 398611
What are the prime factors of 24273723?
3, 8091241
What are the prime factors of 303340228?
2, 2069, 36653
List the prime factors of 348069894.
2, 3, 58011649
What are the prime factors of 1424429511?
3, 29, 16372753
What are the prime factors of 1844831099?
229, 541, 14891
List the prime factors of 2409704926.
2, 71, 79, 214807
What are the prime factors of 3482175520?
2, 5, 163, 133519
What are the prime factors of 225716929?
225716929
List the prime factors of 28124442.
2, 3, 41, 12703
What are the prime factors of 1483084225?
5, 7, 349, 3469
What are the prime factors of 510628757?
510628757
What are the prime factors of 135368707?
135368707
List the prime factors of 1093514625.
3, 5, 7, 83, 239
List the prime factors of 3788466755.
5, 31, 1129, 21649
List the prime factors of 30132612.
2, 3, 837017
What are the prime factors of 151164831?
3, 47, 211, 5081
List the prime factors of 83412363.
3, 1277, 21773
List the prime factors of 871754115.
3, 5, 58116941
What are the prime factors of 3206846970?
2, 3, 5, 29, 467, 877
List the prime factors of 45926836.
2, 29, 395921
What are the prime factors of 55729753?
89, 626177
What are the prime factors of 21699094?
2, 37, 97, 3023
What are the prime factors of 534600902?
2, 11, 24300041
What are the prime factors of 82588329?
3, 17, 37, 1621
What are the prime factors of 5175714409?
6659, 777251
List the prime factors of 1439745824.
2, 11, 19, 215273
What are the prime factors of 20599993?
20599993
List the prime factors of 1997158752.
2, 3, 6934579
List the prime factors of 98036514.
2, 3, 1815491
List the prime factors of 749046880.
2, 5, 19, 53, 4649
What are the prime factors of 130004127?
3, 11, 113, 11621
List the prime factors of 23100975.
3, 5, 83, 1237
List the prime factors of 3424735660.
2, 5, 171236783
What are the prime factors of 4199909943?
3, 79, 2267, 7817
What are the prime factors of 1227454619?
127, 9664997
What are the prime factors of 10366996?
2, 2591749
List the prime factors of 821753547.
3, 273917849
List the prime factors of 266480114.
2, 79, 1686583
What are the prime factors of 46707492?
2, 3, 13, 71, 4217
List the prime factors of 40394223.
3, 113, 39719
What are the prime factors of 237768247?
237768247
What are the prime factors of 1150892263?
19, 41, 1477397
List the prime factors of 1550080100.
2, 5, 643, 24107
List the prime factors of 71430141.
3, 17, 79, 17729
List the prime factors of 479952201.
3, 23, 991, 7019
What are the prime factors of 98900861?
98900861
What are the prime factors of 179587342?
2, 11, 887, 9203
List the prime factors of 132186404.
2, 7, 4720943
List the prime factors of 430540291.
430540291
List the prime factors of 83538957.
3, 27846319
What are the prime factors of 500566228?
2, 125141557
List the prime factors of 5954933.
5954933
List the prime factors of 65560513.
367, 178639
What are the prime factors of 21795306?
2, 3, 13, 23, 12149
What are the prime factors of 152829533?
863, 177091
What are the prime factors of 79512417?
3, 17, 509, 1021
What are the prime factors of 56101657?
37, 1516261
List the prime factors of 209046586.
2, 7, 17, 23, 38189
List the prime factors of 3558157199.
47309, 75211
What are the prime factors of 4296595?
5, 41, 20959
List the prime factors of 1013767400.
2, 5, 1987, 2551
List the prime factors of 36446901.
3, 12148967
What are the prime factors of 174977419?
174977419
List the prime factors of 31329925.
5, 11, 10357
What are the prime factors of 1407066786?
2, 3, 2857, 27361
List the prime factors of 201428225.
5, 173, 46573
List the prime factors of 51362827.
51362827
List the prime factors of 93123468.
2, 3, 547, 4729
List the prime factors of 48873779.
48873779
What are the prime factors of 70753612?
2, 23, 47, 16363
What are the prime factors of 19357802?
2, 9678901
List the prime factors of 35788120.
2, 5, 229, 3907
List the prime factors of 2191271303.
13, 168559331
List the prime factors of 241603066.
2, 61, 1980353
List the prime factors of 887640429.
3, 13, 83, 443, 619
What are the prime factors of 2005059604?
2, 5641, 88861
List the prime factors of 549059428.
2, 37, 59, 227, 277
List the prime factors of 319413401.
319413401
List the prime factors of 1027473.
3, 101, 3391
List the prime factors of 1367053.
379, 3607
List the prime factors of 31787737.
31787737
What are the prime factors of 8859011?
7, 1265573
List the prime factors of 201615149.
1117, 180497
What are the prime factors of 149222744?
2, 11, 47, 109, 331
List the prime factors of 15323170.
2, 5, 569, 2693
What are the prime factors of 121362697?
23, 1193, 4423
What are the prime factors of 401073688?
2, 461, 108751
What are the prime factors of 1698759847?
19, 41, 2180693
What are the prime factors of 1243776943?
41, 257, 2879
List the prime factors of 12013721.
149, 80629
List the prime factors of 1015123436.
2, 253780859
List the prime factors of 172134831.
3, 11, 53, 98419
What are the prime factors of 107056606?
2, 131, 317, 1289
List the prime factors of 115362465.
3, 5, 7690831
List the prime factors of 175086709.
7, 25012387
List the prime factors of 261172335.
3, 5, 17411489
What are the prime factors of 8924640689?
19, 469717931
What are the prime factors of 338517391?
2113, 160207
List the prime factors of 798639867.
3, 283, 313561
List the prime factors of 283685811.
3, 73, 1295369
List the prime factors of 24972062.
2, 1559, 8009
List the prime factors of 639711857.
23, 2753, 10103
What are the prime factors of 1663450619?
1663450619
What are the prime factors of 249663890?
2, 5, 7, 887, 4021
List the prime factors of 2004439535.
5, 7, 23, 661, 3767
What are the prime factors of 14314123?
491, 29153
What are the prime factors of 461736898?
2, 7, 17, 19, 29, 503
List the prime factors of 333792143.
79, 137, 30841
What are the prime factors of 219162980?
2, 5, 17, 644597
What are the prime factors of 4597005121?
71, 64746551
What are the prime factors of 270206592?
2, 3, 703663
What are the prime factors of 41958994?
2, 7, 11, 38923
What are the prime factors of 198559899?
3, 19, 1161169
List the prime factors of 440449142.
2, 7, 41, 109619
List the prime factors of 213840425.
5, 53, 199, 811
What are the prime factors of 475308986?
2, 73, 389, 8369
List the prime factors of 253447572.
2, 3, 7, 3017233
List the prime factors of 2022509910.
2, 3, 5, 19, 37, 41, 2339
List the prime factors of 5433855.
3, 5, 7, 7393
What are the prime factors of 43119716?
2, 107, 100747
What are the prime factors of 6335310262?
2, 71, 44614861
List the prime factors of 1094345639.
67, 16333517
List the prime factors of 541440765.
3, 5, 937, 12841
What are the prime factors of 67916430?
2, 3, 5, 754627
List the prime factors of 1081002338.
2, 13, 97, 428629
What are the prime factors of 10250285?
5, 2050057
What are the prime factors of 144719011?
17, 8512883
List the prime factors of 3796512071.
11, 71, 89, 193, 283
What are the prime factors of 1107371?
59, 137
List the prime factors of 429808205.
5, 85961641
List the prime factors of 6465352982.
2, 11, 1721, 170761
What are the prime factors of 3059671319?
3059671319
What are the prime factors of 346204227?
3, 37, 1667, 1871
List the prime factors of 759943063.
11, 61, 197, 5749
What are the prime factors of 1270430619?
3, 71, 83, 71861
What are the prime factors of 114544463?
11, 107, 307, 317
What are the prime factors of 775582072?
2, 53, 1829203
What are the prime factors of 1564174028?
2, 391043507
List